f 428462?
2
What is the tens digit of 60667?
6
What is the hundred thousands digit of 11064405?
0
What is the ten thousands digit of 784023?
8
What is the hundred thousands digit of 1220394?
2
What is the tens digit of 77004?
0
What is the hundred thousands digit of 1130052?
1
What is the ten thousands digit of 2511525?
1
What is the tens digit of 45817?
1
What is the thousands digit of 1712664?
2
What is the hundreds digit of 34498588?
5
What is the millions digit of 36008300?
6
What is the hundreds digit of 142597?
5
What is the tens digit of 3154122?
2
What is the ten thousands digit of 84368?
8
What is the units digit of 32233142?
2
What is the tens digit of 332884?
8
What is the thousands digit of 155116?
5
What is the hundreds digit of 13302274?
2
What is the millions digit of 2089177?
2
What is the hundreds digit of 2997311?
3
What is the hundreds digit of 396589?
5
What is the ten thousands digit of 37233?
3
What is the units digit of 797584?
4
What is the tens digit of 10177582?
8
What is the tens digit of 519734?
3
What is the ten thousands digit of 357960?
5
What is the hundreds digit of 72837?
8
What is the hundreds digit of 784589?
5
What is the hundred thousands digit of 25087967?
0
What is the thousands digit of 513065?
3
What is the hundreds digit of 11324957?
9
What is the hundred thousands digit of 773240?
7
What is the hundreds digit of 124019?
0
What is the units digit of 208598?
8
What is the hundreds digit of 1959053?
0
What is the hundreds digit of 787472?
4
What is the tens digit of 21564786?
8
What is the hundred thousands digit of 21781935?
7
What is the units digit of 127291?
1
What is the hundred thousands digit of 433372?
4
What is the tens digit of 6099302?
0
What is the tens digit of 11554893?
9
What is the hundreds digit of 38872?
8
What is the millions digit of 1072699?
1
What is the thousands digit of 13602977?
2
What is the thousands digit of 1408182?
8
What is the hundred thousands digit of 1389831?
3
What is the hundred thousands digit of 4866683?
8
What is the hundred thousands digit of 543873?
5
What is the hundreds digit of 321266?
2
What is the ten thousands digit of 270213?
7
What is the hundred thousands digit of 137023?
1
What is the ten thousands digit of 3158355?
5
What is the hundreds digit of 305830?
8
What is the ten thousands digit of 2813265?
1
What is the tens digit of 40682?
8
What is the hundreds digit of 28096652?
6
What is the ten thousands digit of 1275667?
7
What is the hundred thousands digit of 139424?
1
What is the thousands digit of 892462?
2
What is the ten thousands digit of 3672573?
7
What is the hundreds digit of 20067068?
0
What is the units digit of 32881?
1
What is the thousands digit of 19021819?
1
What is the units digit of 163346?
6
What is the hundred thousands digit of 1509309?
5
What is the tens digit of 113336?
3
What is the ten thousands digit of 14112783?
1
What is the hundred thousands digit of 1445465?
4
What is the millions digit of 2961507?
2
What is the hundred thousands digit of 549967?
5
What is the hundreds digit of 92470?
4
What is the ten thousands digit of 188117?
8
What is the tens digit of 13960175?
7
What is the hundred thousands digit of 9389415?
3
What is the units digit of 5119159?
9
What is the units digit of 30204?
4
What is the units digit of 4664808?
8
What is the hundred thousands digit of 779828?
7
What is the ten thousands digit of 5477166?
7
What is the tens digit of 18788997?
9
What is the units digit of 182980?
0
What is the tens digit of 1259758?
5
What is the units digit of 7342729?
9
What is the hundreds digit of 299578?
5
What is the hundred thousands digit of 3870006?
8
What is the units digit of 494423?
3
What is the units digit of 1307529?
9
What is the hundreds digit of 688593?
5
What is the tens digit of 43425?
2
What is the thousands digit of 245897?
5
What is the units digit of 118060?
0
What is the thousands digit of 2346885?
6
What is the millions digit of 1745308?
1
What is the hundreds digit of 4279520?
5
What is the hundreds digit of 201779?
7
What is the units digit of 3504426?
6
What is the ten thousands digit of 188236?
8
What is the ten thousands digit of 1452845?
5
What is the units digit of 3101109?
9
What is the thousands digit of 3106771?
6
What is the units digit of 950350?
0
What is the thousands digit of 1157552?
7
What is the ten thousands digit of 23606833?
0
What is the ten thousands digit of 664307?
6
What is the hundreds digit of 772461?
4
What is the tens digit of 611877?
7
What is the hundreds digit of 2031683?
6
What is the thousands digit of 1005498?
5
What is the tens digit of 3932325?
2
What is the units digit of 1843320?
0
What is the hundreds digit of 1065734?
7
What is the units digit of 2413707?
7
What is the units digit of 640174?
4
What is the tens digit of 51443?
4
What is the thousands digit of 2188141?
8
What is the units digit of 15718904?
4
What is the hundred thousands digit of 9353499?
3
What is the ten thousands digit of 3710613?
1
What is the ten millions digit of 25481660?
2
What is the millions digit of 1122271?
1
What is the hundreds digit of 27053667?
6
What is the hundred thousands digit of 18318562?
3
What is the tens digit of 296303?
0
What is the tens digit of 5544866?
6
What is the ten thousands digit of 1025370?
2
What is the hundred thousands digit of 25994367?
9
What is the hundreds digit of 705402?
4
What is the ten thousands digit of 2281346?
8
What is the tens digit of 2206524?
2
What is the tens digit of 607935?
3
What is the units digit of 8909285?
5
What is the tens digit of 13046482?
8
What is the thousands digit of 1194155?
4
What is the units digit of 5120699?
9
What is the hundred thousands digit of 7395047?
3
What is the ten thousands digit of 1289173?
8
What is the tens digit of 4055244?
4
What is the tens digit of 1603404?
0
What is the millions digit of 1205043?
1
What is the hundreds digit of 1676430?
4
What is the ten thousands digit of 2064437?
6
What is the thousands digit of 134446?
4
What is the tens digit of 6851128?
2
What is the ten thousands digit of 2732076?
3
What is the hundreds digit of 318410?
4
What is the hundreds digit of 4581355?
3
What is the tens digit of 17035323?
2
What is the tens digit of 3463750?
5
What is the tens digit of 551472?
7
What is the ten thousands digit of 6357988?
5
What is the tens digit of 54655?
5
What is the ten thousands digit of 6019145?
1
What is the ten thousands digit of 104703?
0
What is the hundreds digit of 176577?
5
What is the ten millions digit of 15303340?
1
What is the units digit of 77483?
3
What is the tens digit of 185042?
4
What is the thousands digit of 277038?
7
What is the units digit of 4572539?
9
What is the hundred thousands digit of 3673833?
6
What is the hundreds digit of 2429474?
4
What is the thousands digit of 7887?
7
What is the units digit of 22253712?
2
What is the hundreds digit of 403?
4
What is the hundred thousands digit of 261371?
2
What is the tens digit of 7282?
8
What is the thousands digit of 2502317?
2
What is the tens digit of 17545?
4
What is the thousands digit of 338208?
8
What is the hundreds digit of 3285068?
0
What is the hundred thousands digit of 4758864?
7
What is the tens digit of 493909?
0
What is the ten thousands digit of 298976?
9
What is the ten thousands digit of 79984?
7
What is the ten thousands digit of 426065?
2
What is the tens digit of 705198?
9
What is the tens digit of 20366123?
2
What is the hundreds digit of 141857?
8
What is the thousands digit of 1368381?
8
What is the hundreds digit of 13415190?
1
What is the ten thousands digit of 19308131?
0
What is the millions digit of 13554680?
3
What is the tens digit of 176958?
5
What is the tens digit of 111636?
3
What is the hundreds digit of 229248?
2
What is the thousands digit of 100677?
0
What is the tens digit of 842727?
2
What is the hundred thousands digit of 29596922?
5
What is the ten thousands digit of 717013?
1
What is the thousands digit of 363272?
3
What is the ten thousands digit of 142809?
4
What is the hundreds digit of 6442829?
8
What is the hundreds digit of 1559711?
7
What is the thousands digit of 6336882?
6
What is the units digit of 178425?
5
What is the tens digit of 2135992?
9
Wha